{"id":456,"date":"2018-06-25T19:03:37","date_gmt":"2018-06-25T19:03:37","guid":{"rendered":"http:\/\/www.primeranota.cl\/web\/?page_id=456"},"modified":"2018-06-25T19:05:27","modified_gmt":"2018-06-25T19:05:27","slug":"presentacion","status":"publish","type":"page","link":"http:\/\/www.primeranota.cl\/web\/presentacion\/","title":{"rendered":"Presentaci\u00f3n"},"content":{"rendered":"<p><strong>Primera Nota<\/strong>, es un diario electr\u00f3nico que surge a partir de una iniciativa y emprendimiento regional en La Araucan\u00eda, buscando relevar las capacidades locales y poner en valor el sentido de pertenencia al territorio. Su pretensi\u00f3n es ser un medio de comunicaci\u00f3n moderno, \u00e1gil, eficaz, din\u00e1mico e interactivo, acorde con los tiempos y que posibilite un espacio para la informaci\u00f3n, difusi\u00f3n, opini\u00f3n y discusi\u00f3n democr\u00e1tica. Para lo anterior, se propone facilitar la interrelaci\u00f3n a trav\u00e9s de distintas plataformas, generando v\u00edas expeditas para la comunicaci\u00f3n, otorgando posibilidades eficientes de conectividad virtual entre los distintos actores sociales.<\/p>\n<p>Primera Nota, es un medio del siglo XXI, pensado y dise\u00f1ado para la modernidad de los tiempos de hoy. Un instrumento colaborador y coadyudante en la formaci\u00f3n de personas y construcci\u00f3n de la sociedad; Lo hace fomentando y comunicando valores como el respeto, la tolerancia, la libertad de expresi\u00f3n, la participaci\u00f3n, la igualdad, entre otros. En suma, Primera Nota es un diario digital que nace por el empuje y capacidades de personas del Sur de Chile, usando la tecnolog\u00eda y para ser una contribuci\u00f3n honesta al logro del Bien Com\u00fan.<\/p>\n","protected":false},"excerpt":{"rendered":"<p>Primera Nota, es un diario electr\u00f3nico que surge a partir de una iniciativa y emprendimiento regional en La Araucan\u00eda, buscando relevar las capacidades locales y&#8230;<\/p>\n","protected":false},"author":1,"featured_media":0,"parent":0,"menu_order":0,"comment_status":"closed","ping_status":"closed","template":"","meta":{"footnotes":""},"_links":{"self":[{"href":"http:\/\/www.primeranota.cl\/web\/wp-json\/wp\/v2\/pages\/456"}],"collection":[{"href":"http:\/\/www.primeranota.cl\/web\/wp-json\/wp\/v2\/pages"}],"about":[{"href":"http:\/\/www.primeranota.cl\/web\/wp-json\/wp\/v2\/types\/page"}],"author":[{"embeddable":true,"href":"http:\/\/www.primeranota.cl\/web\/wp-json\/wp\/v2\/users\/1"}],"replies":[{"embeddable":true,"href":"http:\/\/www.primeranota.cl\/web\/wp-json\/wp\/v2\/comments?post=456"}],"version-history":[{"count":3,"href":"http:\/\/www.primeranota.cl\/web\/wp-json\/wp\/v2\/pages\/456\/revisions"}],"predecessor-version":[{"id":461,"href":"http:\/\/www.primeranota.cl\/web\/wp-json\/wp\/v2\/pages\/456\/revisions\/461"}],"wp:attachment":[{"href":"http:\/\/www.primeranota.cl\/web\/wp-json\/wp\/v2\/media?parent=456"}],"curies":[{"name":"wp","href":"https:\/\/api.w.org\/{rel}","templated":true}]}}