{"id":474,"date":"2018-06-27T17:01:23","date_gmt":"2018-06-27T21:01:23","guid":{"rendered":"http:\/\/www.primeranota.cl\/web\/?page_id=474"},"modified":"2018-06-27T17:01:23","modified_gmt":"2018-06-27T21:01:23","slug":"quienes-somos","status":"publish","type":"page","link":"http:\/\/www.primeranota.cl\/web\/quienes-somos\/","title":{"rendered":"Quienes Somos"},"content":{"rendered":"<p><strong>Quienes Somos<\/strong><br \/>\nSociedad Consultora Gesti\u00f3n y Asesor\u00edas Regionales del Sur Limitada. SURCO<\/p>\n<p><strong>Domicilio<\/strong><br \/>\nManuel Montt N 942, oficina 303, Temuco, Regi\u00f3n de La Araucan\u00eda<\/p>\n<p><strong>Directora<\/strong><br \/>\nLiset Paola Cris\u00f3stomo Mart\u00ednez<\/p>\n<p><strong>Directora Reemplazante<\/strong><br \/>\nMyriam Emiliana Soto Soto<\/p>\n<p><strong>Contactos<\/strong><br \/>\nMail<br \/>\nprensa@primeranota.cl<br \/>\ncomercial@primeranota.cl<br \/>\nFono: 452 320 298<\/p>\n","protected":false},"excerpt":{"rendered":"<p>Quienes Somos Sociedad Consultora Gesti\u00f3n y Asesor\u00edas Regionales del Sur Limitada. SURCO Domicilio Manuel Montt N 942, oficina 303, Temuco, Regi\u00f3n de La Araucan\u00eda Directora&#8230;<\/p>\n","protected":false},"author":1,"featured_media":0,"parent":0,"menu_order":0,"comment_status":"closed","ping_status":"closed","template":"","meta":{"footnotes":""},"_links":{"self":[{"href":"http:\/\/www.primeranota.cl\/web\/wp-json\/wp\/v2\/pages\/474"}],"collection":[{"href":"http:\/\/www.primeranota.cl\/web\/wp-json\/wp\/v2\/pages"}],"about":[{"href":"http:\/\/www.primeranota.cl\/web\/wp-json\/wp\/v2\/types\/page"}],"author":[{"embeddable":true,"href":"http:\/\/www.primeranota.cl\/web\/wp-json\/wp\/v2\/users\/1"}],"replies":[{"embeddable":true,"href":"http:\/\/www.primeranota.cl\/web\/wp-json\/wp\/v2\/comments?post=474"}],"version-history":[{"count":1,"href":"http:\/\/www.primeranota.cl\/web\/wp-json\/wp\/v2\/pages\/474\/revisions"}],"predecessor-version":[{"id":475,"href":"http:\/\/www.primeranota.cl\/web\/wp-json\/wp\/v2\/pages\/474\/revisions\/475"}],"wp:attachment":[{"href":"http:\/\/www.primeranota.cl\/web\/wp-json\/wp\/v2\/media?parent=474"}],"curies":[{"name":"wp","href":"https:\/\/api.w.org\/{rel}","templated":true}]}}

<p><strong>Quienes Somos</strong><br />
Sociedad Consultora Gestión y Asesorías Regionales del Sur Limitada. SURCO</p>
<p><strong>Domicilio</strong><br />
Manuel Montt N 942, oficina 303, Temuco, Región de La Araucanía</p>
<p><strong>Directora</strong><br />
Liset Paola Crisóstomo Martínez</p>
<p><strong>Directora Reemplazante</strong><br />
Myriam Emiliana Soto Soto</p>
<p><strong>Contactos</strong><br />
Mail<br />
prensa@primeranota.cl<br />
comercial@primeranota.cl<br />
Fono: 452 320 298</p>

<p>Quienes Somos Sociedad Consultora Gestión y Asesorías Regionales del Sur Limitada. SURCO Domicilio Manuel Montt N 942, oficina 303, Temuco, Región de La Araucanía Directora&#8230;</p>
